{"id":2582,"date":"2024-01-25T20:37:49","date_gmt":"2024-01-25T20:37:49","guid":{"rendered":"https:\/\/www.optowest.fi\/?page_id=2582"},"modified":"2024-12-12T13:16:31","modified_gmt":"2024-12-12T13:16:31","slug":"optowestin-tiedote-ja-kokouskutsu","status":"publish","type":"page","link":"https:\/\/www.optowest.fi\/?page_id=2582","title":{"rendered":"Optowest tiedottaa:"},"content":{"rendered":"\n<h2 class=\"wp-block-heading has-vivid-cyan-blue-color has-text-color has-link-color wp-elements-f297a5ee9b90efb1ce7a7da78b284525\"><strong>Hyv\u00e4 kiinteist\u00f6nomistaja<\/strong><br><br><strong>Osuuskunta piti infotilaisuuden Villa Verassa, sunnuntaina 4.2.2024 koskien Orvlax-, V\u00e4ttlax-, Padva- ja Korsuddarna alueiden valokuituverkon rakentamista<\/strong><\/h2>\n\n\n\n<figure class=\"wp-block-image size-large is-resized\"><a href=\"https:\/\/www.optowest.fi\/wp-content\/uploads\/2024\/12\/EU_Medfinansieras_fi_POS-scaled.jpg\"><img loading=\"lazy\" decoding=\"async\" width=\"1024\" height=\"215\" src=\"https:\/\/www.optowest.fi\/wp-content\/uploads\/2024\/12\/EU_Medfinansieras_fi_POS-1024x215.jpg\" alt=\"\" class=\"wp-image-2715\" style=\"width:338px;height:auto\" srcset=\"https:\/\/www.optowest.fi\/wp-content\/uploads\/2024\/12\/EU_Medfinansieras_fi_POS-1024x215.jpg 1024w, https:\/\/www.optowest.fi\/wp-content\/uploads\/2024\/12\/EU_Medfinansieras_fi_POS-300x63.jpg 300w, https:\/\/www.optowest.fi\/wp-content\/uploads\/2024\/12\/EU_Medfinansieras_fi_POS-768x161.jpg 768w, https:\/\/www.optowest.fi\/wp-content\/uploads\/2024\/12\/EU_Medfinansieras_fi_POS-1536x322.jpg 1536w, https:\/\/www.optowest.fi\/wp-content\/uploads\/2024\/12\/EU_Medfinansieras_fi_POS-2048x430.jpg 2048w\" sizes=\"auto, (max-width: 1024px) 100vw, 1024px\" \/><\/a><\/figure>\n\n\n\n<p>Kuituverkko rakennetann 2024.<br><br>Hanke on mahdollista toteuttaa ainoastaan siksi, ett\u00e4 on saatu EU-rahoitusta. <strong>Optowest rakentaa valokuituliittym\u00e4n vain ja ainoastaan niille tilaajille, jotka ovat <u>liittym\u00e4n tilanneet<\/u>. <\/strong>Tulevaisuudessa kaikki muut kiinteist\u00f6t tulevat j\u00e4\u00e4m\u00e4\u00e4n ilman kiinte\u00e4\u00e4 verkkoyhteytt\u00e4.<br><br><\/p>\n\n\n<div class=\"wp-block-image\">\n<figure class=\"alignright size-large is-resized\"><a href=\"https:\/\/www.optowest.fi\/wp-content\/uploads\/2024\/01\/FiberDrag-scaled.jpg\"><img loading=\"lazy\" decoding=\"async\" width=\"1024\" height=\"768\" src=\"https:\/\/www.optowest.fi\/wp-content\/uploads\/2024\/01\/FiberDrag-1024x768.jpg\" alt=\"\" class=\"wp-image-2567\" style=\"width:322px;height:auto\" srcset=\"https:\/\/www.optowest.fi\/wp-content\/uploads\/2024\/01\/FiberDrag-1024x768.jpg 1024w, https:\/\/www.optowest.fi\/wp-content\/uploads\/2024\/01\/FiberDrag-300x225.jpg 300w, https:\/\/www.optowest.fi\/wp-content\/uploads\/2024\/01\/FiberDrag-768x576.jpg 768w, https:\/\/www.optowest.fi\/wp-content\/uploads\/2024\/01\/FiberDrag-1536x1152.jpg 1536w, https:\/\/www.optowest.fi\/wp-content\/uploads\/2024\/01\/FiberDrag-2048x1536.jpg 2048w\" sizes=\"auto, (max-width: 1024px) 100vw, 1024px\" \/><\/a><figcaption class=\"wp-element-caption\">Foto: Stefan Elf<\/figcaption><\/figure>\n<\/div>\n\n\n<p>Hankerahoitus ei mahdollista sit\u00e4, ett\u00e4 verkkoon teht\u00e4isiin varaumia tai muita j\u00e4lkiliittymismahdollisuuksia. EU-rahoitusta on mahdollista saada alueelle vain kerran ja ne, jotka j\u00e4tt\u00e4v\u00e4t tilaamatta, j\u00e4\u00e4v\u00e4t ilman tukea tulevaisuudessa.<br><br>Haja-asutusalueille valokuituverkkojen rakentaminen on k\u00e4yt\u00e4nn\u00f6ss\u00e4 mahdollista vain valtion ja EU-tukien avulla. Hankkeelle on my\u00f6nnetty tukea per\u00e4ti 70% kustannuksista, eli oma osuus on vain 30%.<br><br><br>Valokuituliittym\u00e4n hinta on 3 150 \u20ac. Tilauksia liittymille vastaanotetaan viel\u00e4 jonkin aikaa (helmi-maaliskuu 2024). Kysy eri rahoitusvaihtoehdoista.<br><\/p>\n\n\n\n<p>Rakentamisen j\u00e4lkeen valokuituliittym\u00e4n hinta muuttuu markkinaehtoiseksi. T\u00e4ll\u00e4 hetkell\u00e4 15000-20000\u20ac\/km jakokaapista.<br><br> <\/p>\n\n\n\n<p class=\"has-vivid-cyan-blue-color has-text-color has-link-color wp-elements-38940443f40cee72b91557f9f7dc8159\"><strong>Toimi seuraavasti:<\/strong><br><br> <\/p>\n\n\n\n<ol class=\"wp-block-list\">\n<li><strong>Jos kiinteist\u00f6si sijaitsee hankealueella ja olet jo tilannut valokuituliittym\u00e4n<\/strong> ei sinulta edellytet\u00e4 toimenpiteit\u00e4. Kiinteist\u00f6si liitet\u00e4\u00e4n valokuituverkkoon vuoden 2024 loppuun menness\u00e4. Olet tervetullut Optowestin kokoukseen.<br><br><\/li>\n\n\n\n<li><strong>Jos kiinteist\u00f6si sijaitsee <em>hankealueella<\/em><\/strong>, tilaa valokuituliittym\u00e4. Valokuituliittym\u00e4n hinta on 3&nbsp;150 euroa, josta 1&nbsp;000 euroa maksetaan ennakkomaksuna. Tule kokoukseen tai ota yhteytt\u00e4 Optowestiin.<br><br><\/li>\n\n\n\n<li><strong>Jos kiinteist\u00f6si sijaitsee <em>hankealueen ulkopuolella<\/em><\/strong>, ole yhteydess\u00e4 Optowestiin. &nbsp;Voit tehd\u00e4 tilauksen valokuituliittym\u00e4st\u00e4, mutta Optowest selvitt\u00e4\u00e4 ensin, onko liitt\u00e4minen mahdollista ennen tilauksen hyv\u00e4ksymist\u00e4. Tilauksen hyv\u00e4ksyminen riippuu paljolti siit\u00e4, kuinka monet l\u00e4hell\u00e4si olevista kiinteist\u00f6ist\u00e4 tilaavat valokuituliittym\u00e4n. Olet tervetullut Optowestin kokoukseen.<br><br><br><\/li>\n<\/ol>\n\n\n<div class=\"wp-block-image is-style-rounded\">\n<figure class=\"alignleft size-large is-resized\"><a href=\"https:\/\/www.optowest.fi\/wp-content\/uploads\/2024\/01\/DraFiberHem.jpg\"><img loading=\"lazy\" decoding=\"async\" width=\"1024\" height=\"819\" src=\"https:\/\/www.optowest.fi\/wp-content\/uploads\/2024\/01\/DraFiberHem-1024x819.jpg\" alt=\"\" class=\"wp-image-2565\" style=\"width:318px;height:auto\" srcset=\"https:\/\/www.optowest.fi\/wp-content\/uploads\/2024\/01\/DraFiberHem-1024x819.jpg 1024w, https:\/\/www.optowest.fi\/wp-content\/uploads\/2024\/01\/DraFiberHem-300x240.jpg 300w, https:\/\/www.optowest.fi\/wp-content\/uploads\/2024\/01\/DraFiberHem-768x614.jpg 768w, https:\/\/www.optowest.fi\/wp-content\/uploads\/2024\/01\/DraFiberHem-1536x1229.jpg 1536w, https:\/\/www.optowest.fi\/wp-content\/uploads\/2024\/01\/DraFiberHem.jpg 2000w\" sizes=\"auto, (max-width: 1024px) 100vw, 1024px\" \/><\/a><\/figure>\n<\/div>\n\n\n<p class=\"has-vivid-cyan-blue-color has-text-color has-link-color wp-elements-d8e86e3971855e69924c48c2ae49afa5\"><strong>Valokuituliittym\u00e4n tilaaminen alkaa osuuskunnan j\u00e4sennyyshaulla ja tarkistamalla ett\u00e4 kiinteist\u00f6 on aktivoitu rakennussuunnitelmissa:<\/strong><\/p>\n\n\n\n<p>Tilaa n\u00e4in:<br> <\/p>\n\n\n\n<ul class=\"wp-block-list\">\n<li><a href=\"https:\/\/www.vismasignforms.com\/form\/59760fa7-f54f-4dbf-9b5c-be454ceb62ff\" target=\"_blank\" rel=\"noreferrer noopener\">Tilauslomake&#8230;<\/a><\/li>\n\n\n\n<li>S\u00e4hk\u00f6postitse <a href=\"mailto:info@optowest.fi\">info@optowest.fi<\/a><\/li>\n\n\n\n<li>Puhelimitse 045 874&nbsp;9445<\/li>\n<\/ul>\n\n\n\n<p><\/p>\n\n\n\n<p><br><\/p>\n\n\n\n<p><br><strong>Optowestin hallituksen puolesta<\/strong><br><br>Projektinvet\u00e4j\u00e4<br><strong>Guje K\u00e4llberg<br><a href=\"https:\/\/www.algotronics.fi\" target=\"_blank\" rel=\"noreferrer noopener\">Algotronics Ab<\/a><\/strong><br><br><br><br><br><a href=\"https:\/\/www.optowest.fi\/wp-content\/uploads\/2024\/01\/Optowest_PadvaKorsuddarna_kartor_2024_01_25.pdf\" target=\"_blank\" rel=\"noreferrer noopener\">Lataa kartat PDF-muodossa &#8230;<\/a><br><br> <\/p>\n\n\n\n<figure class=\"wp-block-image size-full\"><a href=\"https:\/\/www.optowest.fi\/wp-content\/uploads\/2024\/01\/image.png\"><img loading=\"lazy\" decoding=\"async\" width=\"1585\" height=\"1124\" src=\"https:\/\/www.optowest.fi\/wp-content\/uploads\/2024\/01\/image.png\" alt=\"\" class=\"wp-image-2515\" srcset=\"https:\/\/www.optowest.fi\/wp-content\/uploads\/2024\/01\/image.png 1585w, https:\/\/www.optowest.fi\/wp-content\/uploads\/2024\/01\/image-300x213.png 300w, https:\/\/www.optowest.fi\/wp-content\/uploads\/2024\/01\/image-1024x726.png 1024w, https:\/\/www.optowest.fi\/wp-content\/uploads\/2024\/01\/image-768x545.png 768w, https:\/\/www.optowest.fi\/wp-content\/uploads\/2024\/01\/image-1536x1089.png 1536w\" sizes=\"auto, (max-width: 1585px) 100vw, 1585px\" \/><\/a><\/figure>\n\n\n\n<figure class=\"wp-block-image size-full\"><a href=\"https:\/\/www.optowest.fi\/wp-content\/uploads\/2024\/01\/image-1.png\"><img loading=\"lazy\" decoding=\"async\" width=\"1572\" height=\"1114\" src=\"https:\/\/www.optowest.fi\/wp-content\/uploads\/2024\/01\/image-1.png\" alt=\"\" class=\"wp-image-2516\" srcset=\"https:\/\/www.optowest.fi\/wp-content\/uploads\/2024\/01\/image-1.png 1572w, https:\/\/www.optowest.fi\/wp-content\/uploads\/2024\/01\/image-1-300x213.png 300w, https:\/\/www.optowest.fi\/wp-content\/uploads\/2024\/01\/image-1-1024x726.png 1024w, https:\/\/www.optowest.fi\/wp-content\/uploads\/2024\/01\/image-1-768x544.png 768w, https:\/\/www.optowest.fi\/wp-content\/uploads\/2024\/01\/image-1-1536x1088.png 1536w\" sizes=\"auto, (max-width: 1572px) 100vw, 1572px\" \/><\/a><\/figure>\n\n\n\n<figure class=\"wp-block-image size-full\"><a href=\"https:\/\/www.optowest.fi\/wp-content\/uploads\/2024\/01\/image-2.png\"><img loading=\"lazy\" decoding=\"async\" width=\"1571\" height=\"1110\" src=\"https:\/\/www.optowest.fi\/wp-content\/uploads\/2024\/01\/image-2.png\" alt=\"\" class=\"wp-image-2517\" srcset=\"https:\/\/www.optowest.fi\/wp-content\/uploads\/2024\/01\/image-2.png 1571w, https:\/\/www.optowest.fi\/wp-content\/uploads\/2024\/01\/image-2-300x212.png 300w, https:\/\/www.optowest.fi\/wp-content\/uploads\/2024\/01\/image-2-1024x724.png 1024w, https:\/\/www.optowest.fi\/wp-content\/uploads\/2024\/01\/image-2-768x543.png 768w, https:\/\/www.optowest.fi\/wp-content\/uploads\/2024\/01\/image-2-1536x1085.png 1536w\" sizes=\"auto, (max-width: 1571px) 100vw, 1571px\" \/><\/a><\/figure>\n\n\n\n<figure class=\"wp-block-image size-full\"><a href=\"https:\/\/www.optowest.fi\/wp-content\/uploads\/2024\/01\/image-3.png\"><img loading=\"lazy\" decoding=\"async\" width=\"1590\" height=\"1124\" src=\"https:\/\/www.optowest.fi\/wp-content\/uploads\/2024\/01\/image-3.png\" alt=\"\" class=\"wp-image-2518\" srcset=\"https:\/\/www.optowest.fi\/wp-content\/uploads\/2024\/01\/image-3.png 1590w, https:\/\/www.optowest.fi\/wp-content\/uploads\/2024\/01\/image-3-300x212.png 300w, https:\/\/www.optowest.fi\/wp-content\/uploads\/2024\/01\/image-3-1024x724.png 1024w, https:\/\/www.optowest.fi\/wp-content\/uploads\/2024\/01\/image-3-768x543.png 768w, https:\/\/www.optowest.fi\/wp-content\/uploads\/2024\/01\/image-3-1536x1086.png 1536w\" sizes=\"auto, (max-width: 1590px) 100vw, 1590px\" \/><\/a><\/figure>\n\n\n\n<figure class=\"wp-block-image size-full\"><a href=\"https:\/\/www.optowest.fi\/wp-content\/uploads\/2024\/01\/image-4.png\"><img loading=\"lazy\" decoding=\"async\" width=\"1589\" height=\"1122\" src=\"https:\/\/www.optowest.fi\/wp-content\/uploads\/2024\/01\/image-4.png\" alt=\"\" class=\"wp-image-2519\" srcset=\"https:\/\/www.optowest.fi\/wp-content\/uploads\/2024\/01\/image-4.png 1589w, https:\/\/www.optowest.fi\/wp-content\/uploads\/2024\/01\/image-4-300x212.png 300w, https:\/\/www.optowest.fi\/wp-content\/uploads\/2024\/01\/image-4-1024x723.png 1024w, https:\/\/www.optowest.fi\/wp-content\/uploads\/2024\/01\/image-4-768x542.png 768w, https:\/\/www.optowest.fi\/wp-content\/uploads\/2024\/01\/image-4-1536x1085.png 1536w\" sizes=\"auto, (max-width: 1589px) 100vw, 1589px\" \/><\/a><\/figure>\n\n\n\n<figure class=\"wp-block-image size-full\"><a href=\"https:\/\/www.optowest.fi\/wp-content\/uploads\/2024\/01\/image-5.png\"><img loading=\"lazy\" decoding=\"async\" width=\"1583\" height=\"1110\" src=\"https:\/\/www.optowest.fi\/wp-content\/uploads\/2024\/01\/image-5.png\" alt=\"\" class=\"wp-image-2520\" srcset=\"https:\/\/www.optowest.fi\/wp-content\/uploads\/2024\/01\/image-5.png 1583w, https:\/\/www.optowest.fi\/wp-content\/uploads\/2024\/01\/image-5-300x210.png 300w, https:\/\/www.optowest.fi\/wp-content\/uploads\/2024\/01\/image-5-1024x718.png 1024w, https:\/\/www.optowest.fi\/wp-content\/uploads\/2024\/01\/image-5-768x539.png 768w, https:\/\/www.optowest.fi\/wp-content\/uploads\/2024\/01\/image-5-1536x1077.png 1536w\" sizes=\"auto, (max-width: 1583px) 100vw, 1583px\" \/><\/a><\/figure>\n","protected":false},"excerpt":{"rendered":"<p>Hyv\u00e4 kiinteist\u00f6nomistaja Osuuskunta piti infotilaisuuden Villa Verassa, sunnuntaina 4.2.2024 koskien Orvlax-, V\u00e4ttlax-, Padva- ja Korsuddarna alueiden valokuituverkon rakentamista Kuituverkko rakennetann 2024. Hanke on mahdollista toteuttaa ainoastaan siksi, ett\u00e4 on saatu EU-rahoitusta. Optowest rakentaa valokuituliittym\u00e4n vain ja ainoastaan niille tilaajille, jotka ovat liittym\u00e4n tilanneet. Tulevaisuudessa kaikki muut kiinteist\u00f6t tulevat j\u00e4\u00e4m\u00e4\u00e4n ilman kiinte\u00e4\u00e4 verkkoyhteytt\u00e4. Hankerahoitus ei mahdollista [&hellip;]<\/p>\n","protected":false},"author":3,"featured_media":2566,"parent":0,"menu_order":0,"comment_status":"closed","ping_status":"closed","template":"","meta":{"footnotes":""},"class_list":["post-2582","page","type-page","status-publish","has-post-thumbnail","hentry"],"_links":{"self":[{"href":"https:\/\/www.optowest.fi\/index.php?rest_route=\/wp\/v2\/pages\/2582","targetHints":{"allow":["GET"]}}],"collection":[{"href":"https:\/\/www.optowest.fi\/index.php?rest_route=\/wp\/v2\/pages"}],"about":[{"href":"https:\/\/www.optowest.fi\/index.php?rest_route=\/wp\/v2\/types\/page"}],"author":[{"embeddable":true,"href":"https:\/\/www.optowest.fi\/index.php?rest_route=\/wp\/v2\/users\/3"}],"replies":[{"embeddable":true,"href":"https:\/\/www.optowest.fi\/index.php?rest_route=%2Fwp%2Fv2%2Fcomments&post=2582"}],"version-history":[{"count":65,"href":"https:\/\/www.optowest.fi\/index.php?rest_route=\/wp\/v2\/pages\/2582\/revisions"}],"predecessor-version":[{"id":2717,"href":"https:\/\/www.optowest.fi\/index.php?rest_route=\/wp\/v2\/pages\/2582\/revisions\/2717"}],"wp:featuredmedia":[{"embeddable":true,"href":"https:\/\/www.optowest.fi\/index.php?rest_route=\/wp\/v2\/media\/2566"}],"wp:attachment":[{"href":"https:\/\/www.optowest.fi\/index.php?rest_route=%2Fwp%2Fv2%2Fmedia&parent=2582"}],"curies":[{"name":"wp","href":"https:\/\/api.w.org\/{rel}","templated":true}]}}